ne w(m).
-17
Let f(w) = 3*w**2 - 8*w**3 + 3*w**3 + 9*w**2 + 4*w**3 - 7*w**2. Let v(j) = -j**3 - j**2 + 4*j - 1. Let c be v(-3). Determine f(c).
0
Let i be -6 + 9/((-72)/(-40)). Let o(c) = -21*c + 1. What is o(i)?
22
Let w(y) = 3*y**3 + 6*y - 2 + 0*y**3 - 2*y**3 - 3 - 5*y**2. Let v = 4 + 0. Suppose -3 = -v*z + 13. Calculate w(z).
3
Let g(n) = -n**2 - 2*n - 3. Let y be g(3). Let t = y + 25. Let c(w) = -5*w + 4 + 1 - 3 - t*w**3 - 5*w**2 + 6*w**3. Calculate c(-4).
6
Let j(u) = u**2 + 6*u + 10. Let c be j(-7). Let t(b) = b**3 - 16*b**2 - 16*b - 15. Determine t(c).
2
Let r(a) be the second derivative of 7*a**3/6 - a**2 - 7*a. Let t be r(1). Let w(g) = g + 1. Calculate w(t).
6
Let g(w) be the third derivative of w**7/2520 - w**6/720 + w**5/40 + 7*w**4/12 + 6*w**2. Let f(m) be the second derivative of g(m). What is f(4)?
15
Let d(b) = -b**2 - 7*b - 5. Suppose -9*m + 19 = -10*m - 3*r, 4*r + 8 = 3*m. Give d(m).
7
Suppose -4 + 7 = -w. Let l(j) = 2*j + 1 + 1 - j**3 - 3 - 3*j**2. Give l(w).
-7
Let n(s) = 3*s**3 - 6*s**2 + 2*s - 10. Let m(v) = v**3 - 1. Let y(r) = 4*m(r) - n(r). Determine y(-7).
-29
Let b(z) = -z**2 + 6*z**2 - 7*z**2 + 4*z**2 - 2. Give b(-4).
30
Let l(k) = -k**2 - 5*k + 1. Suppose 7*f = 3*f. Suppose f*q + q = 2*u + 9, 0 = 2*u - 5*q - 3. Calculate l(u).
-5
Let n(q) be the first derivative of -8 - 1/2*q**2 - 5*q. Give n(-8).
3
Let k be (-174)/(-4) + (-21)/14. Let j(f) = 3*f**2 + 52 - 2*f**2 - k + 9*f. Determine j(-7).
-4
Let z be 18/(-7) - (-24)/(-56). Let h = z - -9. Let i(x) = -x**3 + 5*x**2 + 4*x - 3. What is i(h)?
-15
Suppose -5*u + 10 + 70 = -f, -2*u + 5 = 5*f. Suppose u = 5*l + 50. Let g(q) = -13 + 4 + 3*q + q**2 + 3*q. Determine g(l).
-2
Let j(n) = 3 - 2 + n + 59*n**2 + 0*n + 63*n**2 - 133*n**2. Determine j(-2).
-45
Let w(n) = n - 3. Let l(m) = m**2 + 3*m - 5. Let u be l(-5). Suppose 3*c = 4*r - u - 8, -r - 2*c = -17. Calculate w(r).
4
Let z(s) = -s - 2. Suppose 2*o - 3*d = -0*o - 4, -20 = -3*o - 2*d. Let g be 1/o - ((-87)/(-12) - 2). What is z(g)?
3
Suppose 22*w = 24*w - 16. Let r(t) = -w*t - 7*t - t**2 + 1 + 19*t. Determine r(3).
4
Let n(o) = 21*o**2 - o**3 + 24*o - 13*o**2 - 21*o - 8. Give n(8).
16
Suppose -36 = 2*c - 5*t, 2*c + 2*t = -2*t - 36. Let b = -13 - c. Suppose 18 + 2 = -b*v. Let y(j) = -j**2 - 7*j - 2. Determine y(v).
10
Let h(a) = 2*a + a**2 + 6*a**2 - 2*a**2 + 2 - a**3. Let y(p) = 2*p**3 - 5*p**2 - 3*p - 1. Let m(z) = -3*h(z) - 2*y(z). Let r be (-1)/1 - (7 + -3). What is m(r)?
-4
Let a(j) = -j - 1. Let q(k) = -4*k - 1. Let h(v) = 3*a(v) - q(v). Let y = -1 + 0. Let n be (0 - (y - -2)) + -4. Give h(n).
-7
Let a be 21/49 + (-258)/14. Let d = a + 18. Let j(i) = -1. Let l(f) = -f - 1. Let k(x) = 4*j(x) + l(x). What is k(d)?
-5
Let g(z) = z. Suppose 55 = 3*t - 8*t. Let x = -2 + t. Let a = -13 - x. What is g(a)?
0
Let u(h) = h**2 - 12*h - 19. Let q be u(13). Let d(x) = 4*x - 1. Let c(l) = -2*l + 1. Let j(n) = -7*c(n) - 4*d(n). What is j(q)?
9
Let r(x) = 9*x + 29. Let g = -1602 - -1597. Calculate r(g).
-16
Let l(k) = -2*k**3 + 3*k**2 - 7*k + 7. Let x = 25 + -28. Let t(j) = 3*j**3 - 7*j**2 + 14*j - 13. Let c(n) = x*t(n) - 5*l(n). Determine c(-7).
4
Let m(l) = l**3 + 6*l**2 + l + 8. Let a be m(-6). Suppose -a*q + 22 - 14 = 0. Let b(x) = 4*x - q*x - x**2 + 4*x. Calculate b(6).
-12
Let u(v) be the third derivative of -1/2*v**3 - v**2 + 0 + 1/8*v**4 + 0*v + 1/60*v**5. What is u(-5)?
7
Suppose 6 = 2*m + m. Let d(y) = -15*y**2 - 3*y + 1 + 16*y**m + 4 - 3. Give d(4).
6
Suppose 2*q - 5 = 5. Suppose 0 = -q*l + 4*k + 30, l + 19 = -2*l - 5*k. Let c(h) = -3*h**2 + l*h + 0*h + 0*h**2 - 3*h. Calculate c(1).
-4
Let h(a) = -a**3 - 6*a**2 - 6*a - 3. Let s = 15 - 20. Let x be h(s). Let d(t) = 11 + 4*t**2 - t**x + t - t**2 - 3*t**2. Calculate d(0).
11
Let n(p) = -1 + 7*p**2 + p**3 + 5 + 6*p**3 - 7*p - 4*p - 6*p**3. Determine n(-8).
28
Let u be 3*((-1 - 2) + 4). Suppose -4*r + 2*t = r - 16, 0 = 2*r - u*t - 2. Let i(k) = 2*k**2 - 4*k - 4. Calculate i(r).
12
Let x(p) = p**2 - 65*p + 456. Let w be x(57). Let i(g) = 0 + 0*g**3 - 4 - g**3. What is i(w)?
-4
Let b be (-13 + 19)*(-4)/(-3). Let x(h) = b - 20 + h + 13. Let o(d) = 3*d + 2. Let i(v) = -2*o(v) + 5*x(v). Calculate i(-5).
6
Let r(p) = p - 6. Let v(n) = -9*n - 65. Let s be v(-7). Give r(s).
-8
Let o(y) = 5*y**3 + y**2 - y - 1. Let s = -119 + 125. Let p be 4/(-8) - 3/s. Determine o(p).
-4
Let n(l) be the third derivative of l**6/120 - l**5/15 - l**4/3 + l**3/2 + 296*l**2. Calculate n(5).
-12
Let v(w) = w**2 - w + 1. Suppose 21 - 27 = -2*j. Calculate v(j).
7
Let h(s) = -8*s - 52 + 21 + 30 + 29*s. What is h(1)?
20
Let p(v) be the first derivative of -v**4/4 + v**2 - 2*v + 10. What is p(2)?
-6
Let b(f) be the first derivative of -f**4/4 + 5*f**3/3 + f**2/2 + 3*f - 93. Determine b(5).
8
Suppose 0 = -2*q + 3*q - 2. Let g(v) = 20*v**2 - 2*v**3 - 19*v**2 - 1 + v**3. Give g(q).
-5
Suppose -5*k = -10*k. Let m(c) be the third derivative of -c**6/120 + c**5/60 - c**4/24 + c**3/3 + 96*c**2. What is m(k)?
2
Let t(n) = -n**2 - 3*n + 9. Suppose 5*g + 108 = 83. What is t(g)?
-1
Let n(l) = l**3 - 4*l**2 + 0*l**2 - 4 + 1 + 0*l**2 + 3*l. Suppose 20*m + 57 = 39*m. Give n(m).
-3
Let m(y) be the second derivative of -y**5/20 + 2*y**4/3 - y**3/3 + 3*y**2 + 25*y. Calculate m(8).
-10
Let b(z) be the third derivative of z**4/3 + z**3/2 + z**2. Let g(l) = 2*l**3 + l**2. Let h be g(1). Suppose -m - h = -c + 3, c = -2*m. Determine b(m).
-13
Let p(q) = 497*q**3 + 1 - 496*q**3 + 10*q**2 + 16*q - 15*q. Give p(-10).
-9
Let j be 1 - ((4 - 2) + -3). Let w(r) = -3*r - 2*r**2 + 0*r**3 + 3 - r**3 + 4*r**3 - j*r**3. Determine w(2).
-3
Let c(f) be the first derivative of -f**5/30 + f**4/8 + 2*f**3/3 + f**2/2 + 6. Let q(l) be the second derivative of c(l). Let z = 8 - 5. What is q(z)?
-5
Suppose -5*l + 6 - 33 = 3*k, 2*l - 5*k = 14. Suppose 0 = 4*o + 5*g + 11, -4*o - 2 + 0 = 2*g. Let y(d) = d**3 + 4*d**2 + 2 + o + 2 - 4 + d. Give y(l).
7
Let r(u) = -30*u + 2. Let y be (-4)/10*70/28. What is r(y)?
32
Suppose -5*k - 26 = -2*o, -3*k - 19 - 5 = -4*o. Let a(w) be the second derivative of -6*w - 1/3*w**o - 1/2*w**2 - 1/6*w**4 + 0. Determine a(-1).
-1
Let x(d) be the first derivative of -d**4/4 + 10*d**3/3 + 11*d**2/2 - 4*d + 2. Suppose 160 = 10*i + 50. Determine x(i).
-4
Let f(h) = 4*h + 1. Suppose 0 = 5*x + 217 - 222. Give f(x).
5
Let p(l) = -21*l + 23. Let k(g) = -45*g + 50. Let r(w) = 6*k(w) - 13*p(w). Give r(-8).
-23
Let u(p) be the first derivative of p**2 + 32*p + 41. Let k be u(-16). Let t(r) = r**2 - r + 5. Determine t(k).
5
Let k(z) be the third derivative of z**5/60 + 5*z**4/24 + z**3/6 + z**2. Suppose 586 = 17*q + 671. What is k(q)?
1
Suppose 13*n = 24*n - 5060. Let a(m) = -n*m + 2 + 468*m + m**2 + 0. Determine a(-7).
-5
Let u(x) = -2*x - x + 2 - 4. Let a be -27*(6 - 114/18). Suppose -25*j - a = -28*j. Give u(j).
-11
Let b(c) be the first derivative of c**2 + 7*c - 79. Give b(-6).
-5
Let v be 583/212*(-2 + (-1 - 1)). Let y(k) = k**2 + 14*k + 16. Determine y(v).
-17
Let t(p) = p**2 - 9*p - 12. Let h be t(10). Let a(m) be the second derivative of -1/12*m**4 + 1/6*m**3 + 0 + m**2 + 13*m. What is a(h)?
-4
Let w(f) = 21*f - 9*f - 13*f - 2. Let r be w(2). Let h(b) = b**2 + 3*b - 3. What is h(r)?
1
Let y(n) = -n**3 - 7*n**2 - 8*n + 2. Let a = -2 - 32. Let p = 1478 + -1450. Let m = a + p. Determine y(m).
14
Let j = -780 + 774. Let c(o) = -o**2 - 6*o + 13. Calculate c(j).
13
Let j(d) be the second derivative of d**6/120 + d**5/10 + d**4/4 - d**3/3 - 13*d**2/2 - 12*d. Let c(o) be the first derivative of j(o). What is c(-5)?
-7
Let x(t) = 2 + 3*t - 2*t - 3*t. Let v be x(-3). Let d(f) = 1 + v*f + 12*f - 2*f. Calculate d(-1).
-17
Let m(f) be the second derivative of -f**4/6 + f**3/3 - f**2/2 - 3*f. Let h = -8 + -4. Let n be (-4)/12 - h/9. Give m(n).
-1
Let v(p) be the first derivative of 6*p - 41 + 3/2*p**2. Calculate v(-4).
-6
Let j(t) = 5*t - 1. Suppose 0 = 3*q + 5*o + 23, -5*q - 35 = o + 4*o. Let x(h) = 11*h - 2. Let y(n) = q*x(n) + 14*j(n). Give y(-4).
-18
Let q(z) = -z**3 + z**2 + 1. Let y(c) = c**3 - 3*c**2 + c - 4. Let d be y(3). Let v(i) = 3*i**3 - 3*i**2 - i - 2. Let u(k) = d*v(k) - 2*q(k). Calculate u(1).
1
Let g(s) = -19 + 27*s + 16 - s**2 - 31*s - 6*s**3. Calculate g(-1).
6
Let g(i) be the second derivative of 0 + 0*i**2 + 1/6*i**3